{"id":9,"date":"2015-11-09T14:21:05","date_gmt":"2015-11-09T14:21:05","guid":{"rendered":"http:\/\/sites.universal.dev\/intellimen\/?page_id=9"},"modified":"2015-11-30T17:09:19","modified_gmt":"2015-11-30T19:09:19","slug":"manifesto","status":"publish","type":"page","link":"https:\/\/sites.universal.org\/intellimen\/manifesto","title":{"rendered":"Manifesto"},"content":{"rendered":"<p>Ser homem antigamente era algo muito simples. Voc\u00ea aprendia duas coisas desde cedo: lutar para se defender e ca\u00e7ar para se alimentar. Quem fazia isso muito bem, se dava muito bem. E levava a garota para casa.<\/p>\n<p>Esse era o crit\u00e9rio b\u00e1sico quando o pai considerava um rapaz para casar com sua filha. E ela tamb\u00e9m. Em muitos casos, amor era secund\u00e1rio. Voc\u00ea n\u00e3o ouvia mulheres detalhando uma longa lista de atributos que queriam no futuro marido: \u201cEle tem que ser carinhoso, bem humorado, gostar de passear, rom\u00e2ntico, atencioso, cheirar bem, amar os animais, me aceitar como eu sou, me pegar no colo quando eu estiver cansada, notar quando eu mudar o meu cabelo, sens\u00edvel, bom de conversa, amigo, se vestir bem&#8230;\u201d<\/p>\n<p>Nada disso.<br \/>\n\u201cVoc\u00ea pode e est\u00e1 pronto para me proteger com a sua vida? Pode me sustentar t\u00e3o bem quanto ou melhor que o meu pai? Ent\u00e3o ponha um anel aqui\u2026\u201d Simples assim.<\/p>\n<p>Ser homem no s\u00e9culo 21 j\u00e1 \u00e9 outra hist\u00f3ria. O mundo mudou. As mulheres mudaram. E muitos homens ainda est\u00e3o com a cabe\u00e7a l\u00e1 atr\u00e1s. O resultado disso est\u00e1 a\u00ed para ser assistido em 3D: homens <strong>D<\/strong>eslocados, <strong>D<\/strong>espreparados e <strong>D<\/strong>esacreditados.<\/p>\n<h3>Apresentando o Intellimen<\/h3>\n<p>Voc\u00ea j\u00e1 deve ter sacado que o nome do projeto \u00e9 uma jun\u00e7\u00e3o das palavras em ingl\u00eas intelligent (inteligentes) e men (homens). Escolhemos esse nome porque al\u00e9m de soar como um super-her\u00f3i, que todo homem secretamente aspira ser desde crian\u00e7a, ele engloba tudo o que o projeto aspira: formar homens inteligentes e melhores em tudo. N\u00e3o prometemos superpoderes como levantar \u00f4nibus com um dedo, voar ou invisibilidade \u2014 mas estamos trabalhando nisso.<\/p>\n<p>Por enquanto, o projeto focar\u00e1 em formar homens melhores de 8 a 88 anos (depois disso amigo, talvez seja melhor voc\u00ea aceitar que j\u00e1 est\u00e1 bem formadinho e que a forma n\u00e3o vai\u00a0mais melhorar&#8230; Mas se quiser tentar, sempre h\u00e1 lugar para mais um \ud83d\ude42<\/p>\n<p>Formar homens melhores ser\u00e1 o nosso lema. Ser homens inteligentes nossa miss\u00e3o. Vamos caminhar juntos, aprender uns com os outros. Mas espere DESAFIOS. N\u00f3s vamos lhe desafiar a ser melhor em todas as \u00e1reas de sua vida. E para ser um dos IntelliMen, voc\u00ea nunca poder\u00e1 fugir dos desafios nem deixar de cumpri-los. E acima de tudo, precisar\u00e1 do ingrediente fundamental para aprender: humildade. Se voc\u00ea n\u00e3o reconhece que precisa melhorar, n\u00e3o podemos lhe ajudar. Ainda que voc\u00ea j\u00e1 seja forte e bem sucedido em muitas coisas, \u00e9 preciso entender que:<\/p>\n<blockquote><p>O homem n\u00e3o prevalece pela for\u00e7a. 1 Samuel 2.9<\/p><\/blockquote>\n<p>\u00c9 preciso mais que m\u00fasculos para ser homem. Car\u00e1ter, intelig\u00eancia e f\u00e9 s\u00e3o muito mais importantes.<\/p>\n<p>Vamos ent\u00e3o agora \u00e0s perguntas b\u00e1sicas sobre o projeto e como participar.<\/p>\n<dl class=\"lista-sanfona\">\n<dt>1. O que \u00e9 o IntelliMen?<\/dt>\n<dd>\u00c9 um grupo exclusivamente para homens que querem ser melhores em todas as \u00e1reas de sua vida. Homens ajudando homens, compartilhando o que \u00e9 bom, trabalhando duro para melhorar a cada dia \u2014 e se divertindo enquanto o fazem<\/dd>\n<dt>2. Quem pode participar?<\/dt>\n<dd>Homens de qualquer idade que estejam dispostos a se submeterem \u00e0s regras do grupo, detalhadas em nosso Manifesto.<\/dd>\n<dt>3. Como posso participar?<\/dt>\n<dd>Ler todo este Manifesto com aten\u00e7\u00e3o, entender as condi\u00e7\u00f5es, comprometer-se com o projeto, cadastrar-se no site e cumprir os Desafios j\u00e1 disponibilizados semanalmente.<\/dd>\n<dt>4. Quando vai come\u00e7ar?<\/dt>\n<dd>S\u00f3 depende de voc\u00ea. Se voc\u00ea est\u00e1 entrando no grupo agora, saiba que voc\u00ea deve come\u00e7ar desde o in\u00edcio, fazendo o primeiro Desafio.<\/dd>\n<dt>5. Onde posso participar?<\/dt>\n<dd>Em qualquer lugar do mundo. O IntelliMen n\u00e3o est\u00e1 limitado a uma cidade, estado ou pa\u00eds. Basta que voc\u00ea tenha acesso pela Internet aos sites do grupo.<\/dd>\n<dt>6. O que tenho que fazer agora?<\/dt>\n<dd>Ler as Condi\u00e7\u00f5es de Participa\u00e7\u00e3o abaixo, e se aceit\u00e1-las, cadastrar-se no site e come\u00e7ar imediatamente a fazer o primeiro Desafio.<\/dd>\n<\/dl>\n<h3>Condi\u00e7\u00f5es de participa\u00e7\u00e3o<\/h3>\n<p><em>&#8211; Ser humilde para aprender e ser orientado pelo grupo.<\/em><br \/>\n<em>&#8211; Ter total comprometimento com a realiza\u00e7\u00e3o de todas as tarefas e desafios nos prazos\u00a0determinados.<\/em><br \/>\n<em>&#8211; Praticar o esp\u00edrito de compartilhar, especialmente sendo atuante nas redes sociais e\u00a0blog do grupo.<\/em><br \/>\n<em>&#8211; Fazer seu melhor esfor\u00e7o para comparecer aos eventos oficiais do grupo na sua \u00e1rea que\u00a0poder\u00e3o ocorrer de tempo em tempo. (A princ\u00edpio, a participa\u00e7\u00e3o ser\u00e1 basicamente\u00a0atrav\u00e9s da Internet, mas encontros presenciais est\u00e3o nos planos.)<\/em><br \/>\n<em>&#8211; Manter o respeito e bom humor com todos no grupo.<\/em><br \/>\n<em>&#8211; Representar bem o grupo a todo o tempo, dando bom exemplo de comportamento e\u00a0car\u00e1ter.<\/em><br \/>\n<em>&#8211; Promover o grupo para que outros homens fiquem sabendo e possam participar\u00a0tamb\u00e9m \u2014 come\u00e7ando com a escolha de um Parceiro Oficial (explicado no Desafio #1)<\/em><br \/>\n<em>&#8211; Se voc\u00ea tem cr\u00edticas construtivas para os organizadores do grupo, s\u00e3o bem-vindas.\u00a0Por\u00e9m, coment\u00e1rios com a inten\u00e7\u00e3o de denegrir o grupo resultar\u00e1 na sua exclus\u00e3o.<\/em><br \/>\n<em>&#8211; Isso mesmo, reservamos o direito de lhe excluir com ou sem explica\u00e7\u00e3o. Por\u00e9m,\u00a0esperamos nunca ter de usar esse direito.<\/em><br \/>\n<em>&#8211; Se for come\u00e7ar, \u00e9 para terminar. S\u00e3o 52 Desafios, um por semana, por um ano. Se n\u00e3o\u00a0estiver disposto, n\u00e3o comece. Aqui, desist\u00eancia n\u00e3o \u00e9 intelig\u00eancia.<\/em><\/p>\n<h3>Usando o nome do grupo corretamente<\/h3>\n<p>IntelliMen \u2014 com dois eles \u201cll\u201d e o M mai\u00fasculo no meio do nome. Certifique-se de usar o nome corretamente.<\/p>\n<p>Aten\u00e7\u00e3o para uma variante importante do nome. Homens em ingl\u00eas, no plural, \u00e9 \u201cMen\u201d \u2014 e Homem, no singular, \u00e9 \u201cMan\u201d. Portanto, quando se referir ao grupo, use sempre IntelliMen. Mas quando for se referir a apenas um membro do grupo, use sempre IntelliMan. Por exemplo:<\/p>\n<p><em>\u2013 Eu fa\u00e7o parte do IntelliMen.<\/em><br \/>\n<em> \u2013 Eu sou um IntelliMan.<\/em><\/p>\n<p>H\u00e1 tamb\u00e9m uma pequena diferen\u00e7a na pron\u00fancia, mas n\u00e3o se preocupe com isso agora. Essa aulinha fica para depois&#8230;<\/p>\n<p>Est\u00e1 pronto para se tornar um IntelliMan e se juntar ao IntelliMen? Ent\u00e3o aceite os termos deste manifesto clicando no inicio ou no fim dessa p\u00e1gina, cadastre-se no site e vamos ao primeiro desafio!<\/p>\n<h3><\/h3>\n<p>Nossos sites oficiais:<\/p>\n<p><a href=\"http:\/\/www.facebook.com\/intellimen\" target=\"_blank\">www.facebook.com\/intellimen<\/a><br \/>\n<a href=\"http:\/\/www.twitter.com\/intellimen27\" target=\"_blank\">www.twitter.com\/intellimen27<\/a><br \/>\n<a href=\"http:\/\/www.renatocardoso.com\" target=\"_blank\">www.renatocardoso.com<\/a> (blog)<\/p>\n","protected":false},"excerpt":{"rendered":"<p>Ser homem antigamente era algo muito simples. Voc\u00ea aprendia duas coisas desde cedo: lutar para se defender e ca\u00e7ar para se alimentar. Quem fazia isso muito bem, se dava muito bem. E levava a garota para casa. Esse era o crit\u00e9rio b\u00e1sico quando o pai considerava um rapaz para casar com sua filha. E ela [&hellip;]<\/p>\n","protected":false},"author":2,"featured_media":0,"parent":0,"menu_order":0,"comment_status":"closed","ping_status":"closed","template":"single-manifesto.php","meta":{"footnotes":"","_links_to":"","_links_to_target":""},"publishpress_future_action":{"enabled":false,"date":"2026-05-20 12:41:29","action":"change-status","newStatus":"draft","terms":[],"taxonomy":""},"_links":{"self":[{"href":"https:\/\/sites.universal.org\/intellimen\/wp-json\/wp\/v2\/pages\/9"}],"collection":[{"href":"https:\/\/sites.universal.org\/intellimen\/wp-json\/wp\/v2\/pages"}],"about":[{"href":"https:\/\/sites.universal.org\/intellimen\/wp-json\/wp\/v2\/types\/page"}],"author":[{"embeddable":true,"href":"https:\/\/sites.universal.org\/intellimen\/wp-json\/wp\/v2\/users\/2"}],"replies":[{"embeddable":true,"href":"https:\/\/sites.universal.org\/intellimen\/wp-json\/wp\/v2\/comments?post=9"}],"version-history":[{"count":15,"href":"https:\/\/sites.universal.org\/intellimen\/wp-json\/wp\/v2\/pages\/9\/revisions"}],"predecessor-version":[{"id":741,"href":"https:\/\/sites.universal.org\/intellimen\/wp-json\/wp\/v2\/pages\/9\/revisions\/741"}],"wp:attachment":[{"href":"https:\/\/sites.universal.org\/intellimen\/wp-json\/wp\/v2\/media?parent=9"}],"curies":[{"name":"wp","href":"https:\/\/api.w.org\/{rel}","templated":true}]}}